 19*q - 33. Let i = 16330 - 16318. Calculate n(i).
51
Let v(t) = 9*t - 7*t**2 - 4*t**2 + 10*t**2 + 21353 - 21364. Let y(b) = -b**3 + 4*b**2 + 5*b + 7. Let s be y(5). Determine v(s).
3
Let i(x) = x + 15. Let t be (-2)/(-4) + 4 + 6/(-4). Suppose -2*b = -t*d - 11, 2*b - 1 = 4*d + 17. Give i(d).
8
Let m(h) be the third derivative of 13*h**4/24 - 344*h**3/3 - 2399*h**2. Give m(53).
1
Let c(o) = 3*o. Let t(z) = 4*z - 13. Let u be t(-20). Let j = u + 123. Let a be ((-2)/(-6))/((-5)/j). Give c(a).
-6
Let l(s) = -2*s + 8. Suppose -15*w + 598 = 11*w. Suppose 12*o - w = 85. Give l(o).
-10
Let z(v) = 628 + 13*v + 5*v**2 - 309 - 299. Let t(d) = 11*d**2 + 26*d + 41. Let q(i) = 6*t(i) - 13*z(i). What is q(13)?
-14
Let v(p) = 2 - 5*p**2 + 7*p**2 + 3*p**2 - p**3. Suppose 0 = -4*y - b + 21, -4*y = -48*b + 52*b - 36. Give v(y).
18
Let c(d) = -18*d + 279. Let s(x) = -5*x + 75. Let q(r) = -3*c(r) + 11*s(r). Calculate q(-32).
20
Suppose -122*j - 5*n = -125*j + 23, 2*n - 74 = -4*j. Let f(l) = -l**3 + 16*l**2 + 5*l - 88. What is f(j)?
-8
Let a(l) = 1348*l**2 - 5*l + 3. Let m be a(3). Let t(h) = h**3 + 4*h - m + 12118 - 2*h + 3*h**2. Give t(-2).
-2
Let v(n) = n**2 + 2*n + 2. Let m be 4605/(-55) - 18/66. Let b = 101 + -22. Let x = m + b. What is v(x)?
17
Let u be (2/(2 + 0))/(5/(-110)). Let c(a) = a**3 + 24*a**2 + 53*a + 3. What is c(u)?
-195
Let l(o) be the first derivative of -o**3/3 + 4*o**2 + 166*o - 681. Give l(-10).
-14
Let f(w) = -9*w - 58. Suppose k - 156 = 17*k + 10*k. Calculate f(k).
-4
Let r(z) be the first derivative of 5*z**2/2 + 57*z + 4167. What is r(-13)?
-8
Let n(x) = -11103*x**2 + x - 113*x**3 + 11103*x**2. Calculate n(-1).
112
Let z(l) be the second derivative of l**5/20 + 17*l**4/12 - 61*l**3/6 - 15*l**2/2 + 2627*l. Determine z(-20).
5
Suppose -2*g - 2*z - 3*z = -29, g = -4*z + 22. Let c(r) = -3 - g*r**2 + r**2 - 9*r + 7*r. Calculate c(-3).
-6
Suppose 116 = 65*h - 7*h. Let j(q) = -4*q**3 - 3*q**2 + 2. Calculate j(h).
-42
Let u(a) = a**3 - 3*a**2 + a + 1. Let f(m) = 3*m**3 - 5*m + 3*m**3 - 22 + 19 - 2*m**3 + 11*m**2. Let b(l) = f(l) + 4*u(l). Calculate b(1).
7
Let y(n) = n - 2*n**3 - 2*n**3 - n**3 - n**2 + 1 + 0*n**3. Let c(h) = -2*h**3 + 2*h**2 - 9*h - 6. Let u be c(-3). Suppose -5*v + u = 98. What is y(v)?
4
Let u(b) = b**3 + 18*b**2 + 28*b - 54. Let p = -18787 + 18771. Determine u(p).
10
Let m = -29 + 29. Let n(r) = r**3 + r**2 - 3*r + 22. What is n(m)?
22
Let u(o) = -1 - 408*o**2 + 395*o**2 - o**3 - 3 - 12*o. What is u(-12)?
-4
Suppose 72 - 7 = -13*d. Let p be 1/(d*(-3)/(-30)). Let k(c) be the first derivative of -9*c**2/2 + c + 2. Calculate k(p).
19
Let w be (-312)/(-14) + ((-173)/(-7) - 25). Let t(m) = 9*m - 29. Give t(w).
169
Let c be ((-1)/2)/(1/(-120)). Suppose 0 = -204*a + 61*a + 7865. Let s = c - a. Let r(m) = m**3 - 5*m**2 - 5. Give r(s).
-5
Suppose 2*y = y + 2*j - 8, 0 = 5*y - 2*j. Let a(t) = 154*t + 4 + y - 155*t. Give a(-6).
12
Let g(y) = 2*y + 30. Suppose 36*r + 492 = 24. Determine g(r).
4
Let o(d) = -47*d + 144. Let h = -11695 - -11698. Give o(h).
3
Let w(x) = 52*x**3 + 90*x**2 - 72*x + 17. Let b(y) = 9*y**3 + 15*y**2 - 12*y + 3. Let z(r) = -23*b(r) + 4*w(r). Determine z(-16).
-65
Let m(f) be the first derivative of -f**2/2 + 9*f - 1. Let w be m(6). Let q(j) = 0*j**3 + 10*j**3 - 8*j**3 + j**2 + 2*j - 4*j**2 - j**3. Determine q(w).
6
Let y(w) = 19*w - 8. Let v be -21*(-4)/(-24)*2. Let u(h) = -58*h + 28. Let j(k) = v*y(k) - 2*u(k). Let c = 14 + -15. Determine j(c).
17
Suppose 20 = -4*o + 2*a, 29*o + a = 34*o + 28. Let q(u) = -4*u**2 - 25*u - 5. What is q(o)?
1
Let j(i) = -2*i**2 - 2*i - 2. Suppose -4*g + 76 = 4*s, -31 + 89 = 3*g + 4*s. Let q be -2*g/(-60)*-5. Calculate j(q).
-14
Suppose 0 = -43*r + 447 - 60. Let g(v) = -v**3 + 8*v**2 + 8*v + 4. Give g(r).
-5
Let z(l) = -3 + 1067*l**3 - 1066*l**3 - 2*l**2 - l + 2*l**2. Let n(f) = f**3 - 5*f**2 + 3. Let h be n(5). Suppose 0 = -h*y + y. Calculate z(y).
-3
Suppose -31 = 4*x + 3*n, -6*n + 10*n = 4*x + 24. Let u(b) = -b**2 - 8*b - 13. What is u(x)?
-6
Let j(n) = 2*n**3 - 3*n**3 + 13*n + 241 + 7*n**2 - 277. Let g be j(7). Let b(c) = 53*c - 111*c - 1 + g*c. Determine b(-5).
14
Suppose 2*a - 7 = -3*w, -w - 22 = 5*a - 33. Let q(v) be the second derivative of 7/2*v**a - 1/6*v**3 + 0 + v. Give q(4).
3
Let f(o) = -2*o + 5. Let q = -600 + 609. Suppose i + q = 5*v + 40, 3*v + 2*i = -16. Calculate f(v).
17
Let b(j) be the third derivative of -j**5/60 - 11*j**4/24 + 25*j**3/6 + 219*j**2 + 2*j. Calculate b(-12).
13
Suppose 2*u + 26 = 2*m, 2*u - 10 = 4*m - 5*m. Let d(o) = -10 - m - 2*o - 8 - 8 + 33. Give d(-5).
5
Let n(r) = -r**3 - 3*r**2 + r - 3. Let u = -236 + 240. Suppose 9 + u = -3*g - c, 4*g = -2*c - 18. What is n(g)?
9
Let l(c) = c**2 - 2*c - 3. Suppose d = -6*d + 14. Suppose 0 = 5*k - u + 149, 0*k - 62 = d*k + 2*u. Let j be (-1)/(-6) - (-65)/k. Determine l(j).
5
Suppose -5*t + s = -25, 3*s + 7 = 3*t - 8. Suppose -11 = -2*h + 2*j + 5, 2*j = -t*h + 26. Let k(m) = -2*m**3 + 12*m**2 - 5. Determine k(h).
-5
Let x(p) = 2*p + 3. Suppose -37*f + 2976 = 3494. Give x(f).
-25
Let j(w) = -106*w - 2 + 64*w + 39*w. Suppose -n + 8 = -5*b, -2*b - 1 - 3 = 0. What is j(n)?
4
Let b(h) = -8*h**3 - h**2. Let m(q) = -47*q**2 - 43*q**2 + 87*q**2 + 20 + 18*q - 21. Let s be m(6). Determine b(s).
7
Let q(h) = 7*h - 3. Let a(p) = 162*p - 22. Let x be a(1). Let i be 0 - (-20)/14 - (-80)/x. Determine q(i).
11
Let v(i) = i**2 + 5*i**2 + 1151628*i**3 - 1151629*i**3 + i. Suppose 3*g + 93 = 111. Give v(g).
6
Let j(p) = -5*p - 52. Let w be j(-12). Suppose 2*m + w*x = 3*x - 14, -2*m + x + 10 = 0. Let y(d) = -d**3 + 2*d**2 + 3*d - 3. What is y(m)?
-3
Let r(k) = k**3 + 13*k**2 + 5*k + 5. Let n(c) = 4*c**3 + 53*c**2 + 22*c + 19. Let l(h) = 2*n(h) - 9*r(h). What is l(-11)?
4
Suppose 6*c - 2*c = 20, p + c - 5 = 0. Let k(l) = p*l**2 + l**2 + 256*l - 257*l - 11. Let i = 5 + -5. Give k(i).
-11
Let a(w) = -w - 7. Let n be 5134/76*2 - 10/95. Suppose 123*c = n*c + 60. Determine a(c).
-2
Let d(u) be the third derivative of u**8/6720 - u**7/2520 - u**6/720 + u**5/60 - 19*u**4/24 - 224*u**2. Let b(j) be the second derivative of d(j). Give b(2).
4
Let z(v) = -32*v + 34*v - 8 + 16. Let i be z(-6). Let h(r) = r**3 + 5*r**2 + 2*r - 3. What is h(i)?
5
Let m(w) = 2*w**3 - 23*w**2 - 54*w + 690. Let l be m(11). Let z(u) = -4*u - 106. What is z(l)?
-6
Let o(z) = -2*z**3 + 4*z**2 - 3*z. Let j(v) = -2*v + 2. Let h be j(-5). Suppose 168*i - 488 = 184. Let f be i - 12/(-2)*h/(-36). Calculate o(f).
-6
Let c(o) = -6*o - 7. Let n(b) = -b. Let s(j) = c(j) - n(j). Suppose 12 = -4*g - z + 5*z, 0 = -5*g - z - 27. What is s(g)?
18
Let n(g) = -g - 11. Suppose -4*r = -8, -14 = 10*u - 12*u - 5*r. Determine n(u).
-13
Let r(k) = 17*k - 19*k**3 - 27*k**3 + 89*k**3 - 23*k**3 - 10*k**2 - 19*k**3. Determine r(9).
72
Let h(w) = w**2 - w - 25. Suppose 5*p - 2*l = 8*p - 23, -3*l = -p - 7. What is h(p)?
-5
Let l(z) = z**3 + 5*z**2 + 4. Suppose 3*i = -3*t + 18, -2*i + 10 - 26 = -5*t. Suppose 5*p + 55 = -t*d + 9*d, 20 = 5*d. Let g be 2 + p - (3 - 3). Determine l(g).
4
Let d(u) = -u**3 + 14*u**2 + 13*u + 23. Suppose 2*y + 156 = 186. Give d(y).
-7
Let x(y) be the third derivative of 1/6*y**3 + 34*y**2 + 1/60*y**5 + 0 + 0*y - 3/8*y**4. Calculate x(4).
-19
Let d be 18*3/8 - (-147)/(-196). Let l(n) = -n**2 + 6*n + 5. Give l(d).
5
Let b(f) = -f**3 - 6*f**2 - 4. Let v = -95 + 97. Let u be -6*(v - 4/4). Give b(u).
-4
Suppose 3*y = -y - 8. Let t be (-88)/24 + y/(-3). Let c(d) = d**2 + 2*d. Let q(a) = -3*a**2 - 9*a - 4. Let h(b) = -4*c(b) - q(b). Give h(t).
-8
Let y = 8074 - 8072. Let p(l) = -5*l + 7. Give p(y).
-3
Let k be ((-3)/2 - -2)/(4/120). Suppose -k = 12*q - 7*q. Let z be -4 - q/1 - -2. Let n(v) = 7*v**2 - 2*v + 1. Give n(z).
6
Let h(w) = 3*w + 5. Let n be -3 + 9 - (6 + -21). Suppose 4*i = -5*t + 10, 0 = 5*t - 5*i - 8 - 2. Suppose 3*o + m + n = -2*m, -o = -t*m - 2. Determine h(o).
-7
Let r(l) = l**2 - 3. Let w(c) = -4*c**2 - 98*c + 49. Let q be w(0). Let s be 6/3*(6 - -1). Let y be 52/s - (-14)/q. Determine r(y).
13
Let c(j) = j**2 - 15*j - 3*j**2 + j**3 + 15*j - 9 + 7*j**2. What is c(-6)?
-45
Suppose 72 = 2*y - 0. Suppose -13*o + 3 + y = 0. Let b(l) = -1 + 8*l**2 - l**o - 2*l - 4*l**2 + 4 - 4. Calculate b(2).
3
Let g(c) = -437*c + 12 + 17*c**2 + 432*c - 18*c**2. What is g(-6)?